 - 9. Suppose -i = y*m - 4, 0 = -2*i + 4*i + 8. What are the prime factors of m?
2
Suppose 0 = p - 4*p + 6. Suppose -y - 5 = 0, 2*y = -2*l - p*y - 2. Suppose 5*z = -r + l, 6*r = -2*z + 2*r. What are the prime factors of z?
2
Let w = 0 - 2. Let l = w - -2. List the prime factors of (11 - 0 - 0) + l.
11
Let m(v) = -4*v - 4. Suppose -3*h + 4*y = 32, 3*h - 2*h - 16 = -4*y. What are the prime factors of m(h)?
2, 3
Let s = -4 - -3. Let h be s + 53 + (-5 - -3). Suppose -h + 2 = -4*d. List the prime factors of d.
2, 3
Suppose -33 = -2*q + 3*q. Let a = 50 + q. List the prime factors of a.
17
Let o(l) = l**3 - 7*l**2 - 7*l - 5. Let t be o(8). Suppose r = 0, t*r = 5*f - r - 95. What are the prime factors of f?
19
Let r = -41 + 33. Let w(a) be the first derivative of a**4/4 + 3*a**3 + 3*a**2 - 3*a - 1. What are the prime factors of w(r)?
13
Let j(n) = n**3 - 16*n**2 + 5*n - 24. List the prime factors of j(16).
2, 7
Suppose 3*o = -6*o + 144. What are the prime factors of o?
2
Let a(k) = -k**3 + 6*k**2 - 3*k - 2. List the prime factors of a(3).
2
What are the prime factors of 14/84 - 131/(-6)?
2, 11
Let t = -11 + 7. Let p(v) = v**3 + 6*v**2 + 2*v - 2. What are the prime factors of p(t)?
2, 11
Let k(q) be the first derivative of q**3/3 - 2*q**2 - 3*q - 3. Let p be k(4). List the prime factors of (-5)/p - 1/(-3).
2
Let r = 35 - 31. Suppose -n + 0*n = -13. Let l = n - r. List the prime factors of l.
3
Suppose 0 = -3*q + 121 - 37. List the prime factors of q.
2, 7
Suppose -2*o - 36 = 2*o. Let v be ((-15)/o)/((-3)/9). Let t(w) = -2*w + 4. List the prime factors of t(v).
2, 7
Let y(c) = 7*c + 3. Let i(v) = -3*v - 2. Let j(r) = 7*i(r) + 4*y(r). Let g be j(3). Let t = g + -5. What are the prime factors of t?
2, 7
List the prime factors of 2/11 - (-3384)/22.
2, 7, 11
Suppose -164 = -4*s + 28. Let h = -28 + s. What are the prime factors of h?
2, 5
What are the prime factors of (-1)/(1/(-12)) + 2?
2, 7
Let q(m) = 3*m - 4. Suppose 0 = 3*z - 2*z - 4. List the prime factors of q(z).
2
Suppose 0*f = 2*a - 4*f + 74, 5*f = 2*a + 69. Let l = a - -69. Suppose -w + 5*q - l = 0, w + 2*q = 3*w + 4. List the prime factors of w.
3
Let a(p) = -p + 14. Let y = 5 + -4. Let z be (-102)/(-15) + y/5. List the prime factors of a(z).
7
Suppose -2*z - 2*j = -2, 3*j + 7 = -z - 2. Suppose 0 = -3*o - 3*f + 6, -2*o - z*f = -f + 8. Suppose k - o*k = -70. What are the prime factors of k?
2, 7
Let v(q) = -q**3 + 4*q. Let h be v(-3). Suppose -5 = -3*d + 4. Suppose d*k = 4*k - h. List the prime factors of k.
3, 5
Let p = 50 - 33. Suppose 3*w - 16 = p. What are the prime factors of w?
11
Let g(s) = 29*s**2 - 2*s + 2. Let o be g(2). Let h = -81 + o. What are the prime factors of h?
3, 11
Let w be 8*-3*1/(-6). Suppose w*n = n + 3, -4*g + 2*n = 50. Let a = g - -21. What are the prime factors of a?
3
Suppose 2*m = -3*m + 10. Suppose 5*c - 65 = -l, -c + 42 + 70 = m*l. Suppose -3*i - l = -8*i. What are the prime factors of i?
11
Let l(v) = -v + 1. Let h be l(-7). Let t = -5 + h. Suppose 0 = t*y - 4*x - 19, 5*y - 2*y + x - 29 = 0. What are the prime factors of y?
3
Suppose m - 4*m - 2*r = -28, 0 = 5*m - r - 38. List the prime factors of (3 - 52/m)*-12.
2, 3, 7
Let w = 0 + 2. List the prime factors of 1*-1 + (w - -20).
3, 7
Let w(c) = -c**2 + c - 4. Let t = 0 + 0. Let m be w(t). What are the prime factors of 1 + 4/(m/(-2))?
3
Suppose c - 14 = -0*m + 2*m, -2*m = -8. What are the prime factors of 1 + c + 0/3?
23
Suppose 0 = -d + 4*d - 15. Suppose -3*w = -d*k + 2*k - 267, 0 = 3*k + 5*w + 259. List the prime factors of -2 + -1 - k/8.
2
Let y be 4 - -2 - 6/3. Suppose -2*w = -y*w + 4. Suppose -2*t - w = -12. List the prime factors of t.
5
Let z be ((-7)/3 - -3)*21. Let j = z + -5. What are the prime factors of j?
3
Suppose -2*o - 10 = -2. Let z be (2 - 28)*(0 + o). Suppose -z + 34 = -5*q. List the prime factors of q.
2, 7
Suppose -4*j = -2*f - 216, 2*j - j - 2*f - 51 = 0. List the prime factors of j.
5, 11
Let o = -3 + 9. Suppose r - o = -r. Suppose 0 = -r*c + 27 + 3. List the prime factors of c.
2, 5
List the prime factors of (-12 + (-2 - -3))*-5.
5, 11
List the prime factors of (-44)/(-4) + (-6)/2.
2
Suppose 2*t - 15 = -t. Let o(g) = -g**2 + 6*g - 4. Let x be o(t). Let k = 4 - x. What are the prime factors of k?
3
What are the prime factors of 26/2 - (-2 + 1)?
2, 7
What are the prime factors of 314/10 - (-30)/50?
2
Suppose 3*h - 98 = v, -4*h - v + 4*v = -129. Let q = h - 23. What are the prime factors of q?
2, 5
Let b(v) = -v**3 - 4*v**2 + 4*v - 2. Let s be b(-5). Suppose -166 = -5*u + s*k, 5*u + 3*k - 47 = 107. List the prime factors of u.
2
Let m(b) = -b**2 + 17*b - 2. Let j be m(14). Suppose c - j + 10 = 0. List the prime factors of c.
2, 3, 5
Let i(n) = -n**3 - 2*n**2 - 2. Let w be i(-3). Let k(f) = -2*f**3 - 2*f**2 - f - 2. Let o be k(-2). Let r = w + o. List the prime factors of r.
3, 5
Suppose -46 = -2*v - 2*s - 2*s, v + 3*s = 21. List the prime factors of v.
3
Suppose -3*a = -a - 6. Suppose -5*i + 140 = -a*i. Suppose -2*k - 3*o = -o - 12, 5*k - i = 3*o. List the prime factors of k.
11
Suppose 23 = 5*x - 17. Let r(g) = -g**3 + 8*g**2 + g - 1. What are the prime factors of r(x)?
7
List the prime factors of 18 + -2 + (-3 - 1).
2, 3
Let p(i) be the second derivative of 3*i**4/4 + i**3/6 + 3*i. List the prime factors of p(-1).
2
Let x(h) = h + 5. Let n be x(0). Suppose 2*w = d + 5, d + n*w = 4*d + 12. Let p = 5 + d. List the prime factors of p.
2, 3
Suppose 0 = -3*x, -4*x - x - 8 = -4*j. Suppose -5 + 1 = -j*u. Suppose 3*n = u + 10. What are the prime factors of n?
2
Let p(c) = -c**2 - 3*c + 6. Let k be 54/(-10) - 2/(-5). Let j be p(k). What are the prime factors of ((-2)/j)/(1/16)?
2
Let h(r) = r + 18. Let u be h(-14). Suppose 63 = u*x - 97. List the prime factors of x.
2, 5
Let s(x) = 2*x + 7*x**2 + x**3 - x**2 - 4 + 0*x. What are the prime factors of s(-5)?
11
Let y be (-1 - -1) + 12 - 1. Let g = 7 - y. Let c(z) = -2*z - 3. What are the prime factors of c(g)?
5
Suppose -s - 6 = -20. What are the prime factors of s?
2, 7
Suppose w = 4*j - 46, 4*j + 3*w = w + 40. List the prime factors of j.
11
Suppose 0 = -0*m - 3*m + 42. Let i = -6 + 4. What are the prime factors of i - -4*m/4?
2, 3
Let v(l) = 5*l**2 + 22*l - 8. Let u(g) = 2*g**2 + 7*g - 3. Let f(a) = -8*u(a) + 3*v(a). Let j(c) = c. Let x be j(9). What are the prime factors of f(x)?
3
Let q = -5 + 5. Suppose q = -i + 6*i - 90. Let w = i - 2. What are the prime factors of w?
2
Suppose -2*j + 23 = 2*j - 5*i, 5*i + 16 = 3*j. Let l be (-5)/(-1) - (-2)/(-1). Let v = j + l. List the prime factors of v.
2, 5
Let q be (-2)/7 + 72/7. What are the prime factors of 78/4 - 15/q?
2, 3
Let o be (0/(1 + 1))/2. Suppose o = -4*q + 3*q + 14. List the prime factors of q.
2, 7
Suppose 5*b = -5, -k - 4*b - b = -2. Let l = 5 + -2. Let w = l + k. What are the prime factors of w?
2, 5
Suppose 11*i = 6*i + 80. What are the prime factors of i?
2
Let j(p) = 2*p**2 - 3*p - 4. Let z be j(4). Let n = z - 11. Suppose 0 = 5*t - n - 10. What are the prime factors of t?
3
Let j = 1030 - 682. What are the prime factors of j?
2, 3, 29
Let u(l) = -l - 9. Let a be -3 + 5 - 1*2. Let d be u(a). List the prime factors of 3/9 - 87/d.
2, 5
Let p(z) = z + 2. Let w be p(2). Let f be 4/3*6/w. What are the prime factors of (3/(-3))/(f/(-10))?
5
Let l be (-4)/18 - 2/(-9). Let a be (l*3/9)/(-2). Suppose a*p - p = -5, -p = -2*c + 19. List the prime factors of c.
2, 3
Let i(f) = -f**2 - 9*f - 4. Let j be (-132)/18 + (-2)/3. Let t be i(j). Suppose -2*l = -3*l + t. What are the prime factors of l?
2
Let d(z) = -35*z - 24. What are the prime factors of d(-8)?
2
Suppose n - 137 = -38. List the prime factors of n.
3, 11
Let o = -3 - -5. Let a = o + 22. List the prime factors of a.
2, 3
Suppose -5*u - 4*w = -20, u - 3 - 1 = 4*w. Let r be u/6*(-4 - 5). Let y = r + 9. What are the prime factors of y?
3
Let q(d) = -d**3 - 3*d**2 + 6*d + 1. Let b be q(-4). Let w = b - -14. What are the prime factors of w?
7
Let h(g) = 3*g. Let w be h(1). Suppose -32 + 5 = -w*n. What are the prime factors of n?
3
Let k(i) = -i**2 - i + 7. Suppose -5*a + 4 = -2*a + 2*w, -4*a - 2*w = -4. List the prime factors of k(a).
7
Suppose 4*d - 22 = 2*t, -3*t + d = 2*d - 2. Let s be 6/(-9) - t/(-3). List the prime factors of 3/(-3)*2*s.
2
L